ainder when 5733 is divided by 1907.
12
Calculate the remainder when 624 is divided by 25.
24
What is the remainder when 162 is divided by 12?
6
Calculate the remainder when 481 is divided by 25.
6
Calculate the remainder when 677 is divided by 17.
14
What is the remainder when 202 is divided by 77?
48
What is the remainder when 2451 is divided by 205?
196
Calculate the remainder when 15403 is divided by 395.
393
What is the remainder when 192 is divided by 13?
10
Calculate the remainder when 227 is divided by 11.
7
What is the remainder when 2571 is divided by 31?
29
What is the remainder when 811 is divided by 199?
15
What is the remainder when 225 is divided by 29?
22
What is the remainder when 164 is divided by 35?
24
Calculate the remainder when 3217 is divided by 70.
67
What is the remainder when 10227 is divided by 3408?
3
What is the remainder when 242 is divided by 7?
4
Calculate the remainder when 80 is divided by 1.
0
Calculate the remainder when 284 is divided by 22.
20
Calculate the remainder when 371 is divided by 17.
14
Calculate the remainder when 258 is divided by 37.
36
Calculate the remainder when 1142 is divided by 13.
11
What is the remainder when 251 is divided by 59?
15
Calculate the remainder when 878 is divided by 154.
108
Calculate the remainder when 176 is divided by 43.
4
Calculate the remainder when 257 is divided by 10.
7
What is the remainder when 703 is divided by 117?
1
Calculate the remainder when 900 is divided by 100.
0
Calculate the remainder when 57 is divided by 15.
12
What is the remainder when 766 is divided by 418?
348
What is the remainder when 190 is divided by 129?
61
What is the remainder when 419 is divided by 406?
13
Calculate the remainder when 249 is divided by 200.
49
Calculate the remainder when 1605 is divided by 1557.
48
Calculate the remainder when 163 is divided by 28.
23
Calculate the remainder when 237 is divided by 60.
57
Calculate the remainder when 132 is divided by 47.
38
Calculate the remainder when 99 is divided by 34.
31
Calculate the remainder when 2383 is divided by 46.
37
What is the remainder when 3119 is divided by 65?
64
Calculate the remainder when 830 is divided by 16.
14
Calculate the remainder when 654 is divided by 643.
11
What is the remainder when 99 is divided by 44?
11
Calculate the remainder when 17104 is divided by 3.
1
Calculate the remainder when 721 is divided by 79.
10
What is the remainder when 86 is divided by 16?
6
Calculate the remainder when 280 is divided by 47.
45
Calculate the remainder when 214 is divided by 72.
70
Calculate the remainder when 175 is divided by 84.
7
Calculate the remainder when 894 is divided by 5.
4
Calculate the remainder when 4476 is divided by 634.
38
What is the remainder when 2001 is divided by 57?
6
What is the remainder when 216 is divided by 14?
6
What is the remainder when 75 is divided by 8?
3
What is the remainder when 34 is divided by 12?
10
Calculate the remainder when 251 is divided by 41.
5
Calculate the remainder when 49 is divided by 10.
9
What is the remainder when 416 is divided by 41?
6
What is the remainder when 290 is divided by 29?
0
What is the remainder when 8733 is divided by 12?
9
What is the remainder when 10 is divided by 4?
2
Calculate the remainder when 332 is divided by 6.
2
Calculate the remainder when 1326 is divided by 70.
66
What is the remainder when 2279 is divided by 24?
23
What is the remainder when 170 is divided by 103?
67
What is the remainder when 26 is divided by 16?
10
What is the remainder when 112 is divided by 23?
20
What is the remainder when 4880 is divided by 21?
8
Calculate the remainder when 416 is divided by 22.
20
Calculate the remainder when 289 is divided by 25.
14
What is the remainder when 411 is divided by 23?
20
What is the remainder when 830 is divided by 64?
62
What is the remainder when 1875 is divided by 210?
195
What is the remainder when 238 is divided by 200?
38
What is the remainder when 228 is divided by 21?
18
What is the remainder when 73 is divided by 43?
30
Calculate the remainder when 468 is divided by 124.
96
What is the remainder when 2387 is divided by 775?
62
Calculate the remainder when 257 is divided by 129.
128
What is the remainder when 593 is divided by 75?
68
Calculate the remainder when 610 is divided by 155.
145
Calculate the remainder when 28418 is divided by 18.
14
What is the remainder when 5245 is divided by 41?
38
Calculate the remainder when 33 is divided by 19.
14
What is the remainder when 549 is divided by 17?
5
Calculate the remainder when 111 is divided by 99.
12
What is the remainder when 529 is divided by 99?
34
Calculate the remainder when 225 is divided by 32.
1
What is the remainder when 459 is divided by 171?
117
What is the remainder when 215 is divided by 54?
53
What is the remainder when 527 is divided by 36?
23
Calculate the remainder when 356 is divided by 175.
6
What is the remainder when 4728 is divided by 52?
48
What is the remainder when 1754 is divided by 42?
32
What is the remainder when 406 is divided by 105?
91
Calculate the remainder when 192 is divided by 90.
12
What is the remainder when 13887 is divided by 124?
123
Calculate the remainder when 1320 is divided by 24.
0
What is the remainder when 174 is divided by 50?
24
What is the remainder when 688 is divided by 21?
16
Calculate the remainder when 14939 is divided by 20.
19
What is the remainder when 406 is divided by 108?
82
Calculate the remainder when 6266 is divided by 87.
2
Calculate the remainder when 2552 is divided by 32.
24
What is the remainder when 13227 is divided by 245?
242
Calculate the remainder when 547 is divided by 526.
21
What is the remainder when 4585 is divided by 287?
280
Calculate the remainder when 257 is divided by 53.
45
What is the remainder when 1062 is divided by 22?
6
What is the remainder when 1151 is divided by 203?
136
What is the remainder when 596 is divided by 25?
21
What is the remainder when 125 is divided by 10?
5
Calculate the remainder when 241 is divided by 49.
45
What is the remainder when 349 is divided by 10?
9
What is the remainder when 1370 is divided by 684?
2
What is the remainder when 7281 is divided by 317?
307
Calculate the remainder when 441 is divided by 223.
218
Calculate the remainder when 1002 is divided by 19.
14
What is the remainder when 5342 is divided by 66?
62
Calculate the remainder when 11621 is divided by 26.
25
Calculate the remainder when 129 is divided by 44.
41
Calculate the remainder when 3131 is divided by 164.
15
What is the remainder when 6143 is divided by 24?
23
What is the remainder when 529 is divided by 41?
37
What is the remainder when 2172 is divided by 15?
12
Calculate the remainder when 1070 is divided by 272.
254
Calculate the remainder when 92 is divided by 29.
5
What is the remainder when 58 is divided by 15?
13
Calculate the remainder when 280 is divided by 39.
7
What is the remainder when 357 is divided by 75?
57
Calculate the remainder when 2061 is divided by 18.
9
What is the remainder when 94 is divided by 21?
10
What is the remainder when 301 is divided by 98?
7
Calculate the remainder when 36 is divided by 26.
10
What is the remainder when 521 is divided by 252?
17
Calculate the remainder when 416 is divided by 64.
32
Calculate the remainder when 7347 is divided by 2444.
15
What is the remainder when 12 is divided by 2?
0
Calculate the remainder when 422 is divided by 89.
66
Calculate the remainder when 2897 is divided by 25.
22
Calculate the remainder when 3669 is divided by 68.
65
Calculate the remainder when 419 is divided by 204.
11
What is the remainder when 9202 is divided by 156?
154
Calculate the remainder when 1840 is divided by 9.
4
Calculate the remainder when 230 is divided by 7.
6
What is the remainder when 746 is divided by 233?
47
Calculate the remainder when 436 is divided by 44.
40
What is the remainder when 349 is divided by 185?
164
What is the remainder when 507 is divided by 201?
105
What is the remainder when 489 is divided by 70?
69
What is the remainder when 225 is divided by 57?
54
What is the remainder when 53 is divided by 27?
26
Calculate the remainder when 1938 is divided by 67.
62
What is the remainder when 3367 is divided by 26?
13
